{"id":6815,"date":"2025-10-27T15:50:48","date_gmt":"2025-10-27T15:50:48","guid":{"rendered":"https:\/\/deliry.com\/?page_id=6815"},"modified":"2025-12-29T20:29:42","modified_gmt":"2025-12-29T20:29:42","slug":"shared","status":"publish","type":"page","link":"https:\/\/deliry.com\/?page_id=6815","title":{"rendered":"shared"},"content":{"rendered":"\n<form><input type=\"button\" value=\"revenir \u00e0 la page pr\u00e9c\u00e9dente\" onclick=\"history.go(-1)\"><\/form>\n\n\n\n<p style=\"font-size:25px\">Partage et valorisation de documents<\/p>\n\n\n\n<p>Il est r\u00e9gulier de pouvoir partager des images depuis un site comme Flickr sur d\u2019autres espaces comme FaceBook par exemple. Nous consid\u00e9rons que de telles images sont sous copyright des auteurs, mais pensons que nous pouvons aussi les partager. Nous appliquons les r\u00e8gles suivantes pour des telles images&nbsp;:<\/p>\n\n\n\n<ul class=\"wp-block-list\">\n<li>Mention Shared avec lien sur cette page d\u2019information,<\/li>\n\n\n\n<li>Copyright avec nom connu de l\u2019auteur,<\/li>\n\n\n\n<li>Lien direct vers l\u2019image d\u2019origine, donc possibilit\u00e9 de retour aux sources (cliquez sur ce lien pour voir les images en format optimal),<\/li>\n\n\n\n<li>Image limit\u00e9e sur la plus grande largeur \u00e0 640 pixels seulement, y compris en archive.<\/li>\n<\/ul>\n\n\n\n<p>Si de telles conditions ne vous convenaient pas, merci de me contacter et j\u2019\u00f4terais votre image dans les meilleurs d\u00e9lais&nbsp;:&nbsp;<a href=\"https:\/\/web.archive.org\/web\/20210509094424\/mailto:cyrille@deliry.com\" target=\"_blank\" rel=\"noreferrer noopener\">Cyrille Deliry<\/a>.<\/p>\n\n\n\n<p class=\"has-very-light-gray-to-cyan-bluish-gray-gradient-background has-background\"><em>D\u2019avance merci pour les possibilit\u00e9s de partage, mon objectif restant de valoriser votre travail et de permettre \u00e0 chacun de remonter aux sources.<\/em><\/p>\n","protected":false},"excerpt":{"rendered":"<p>Partage et valorisation de documents Il est r\u00e9gulier de pouvoir partager des images depuis un site comme Flickr sur d\u2019autres espaces comme FaceBook par exemple. &hellip; <\/p>\n","protected":false},"author":1,"featured_media":0,"parent":0,"menu_order":0,"comment_status":"closed","ping_status":"closed","template":"","meta":{"footnotes":""},"class_list":["post-6815","page","type-page","status-publish","hentry"],"_links":{"self":[{"href":"https:\/\/deliry.com\/index.php?rest_route=\/wp\/v2\/pages\/6815","targetHints":{"allow":["GET"]}}],"collection":[{"href":"https:\/\/deliry.com\/index.php?rest_route=\/wp\/v2\/pages"}],"about":[{"href":"https:\/\/deliry.com\/index.php?rest_route=\/wp\/v2\/types\/page"}],"author":[{"embeddable":true,"href":"https:\/\/deliry.com\/index.php?rest_route=\/wp\/v2\/users\/1"}],"replies":[{"embeddable":true,"href":"https:\/\/deliry.com\/index.php?rest_route=%2Fwp%2Fv2%2Fcomments&post=6815"}],"version-history":[{"count":3,"href":"https:\/\/deliry.com\/index.php?rest_route=\/wp\/v2\/pages\/6815\/revisions"}],"predecessor-version":[{"id":6916,"href":"https:\/\/deliry.com\/index.php?rest_route=\/wp\/v2\/pages\/6815\/revisions\/6916"}],"wp:attachment":[{"href":"https:\/\/deliry.com\/index.php?rest_route=%2Fwp%2Fv2%2Fmedia&parent=6815"}],"curies":[{"name":"wp","href":"https:\/\/api.w.org\/{rel}","templated":true}]}}