{"id":7017,"date":"2025-10-27T15:50:48","date_gmt":"2025-10-27T15:50:48","guid":{"rendered":"https:\/\/deliry.com\/?page_id=7017"},"modified":"2025-12-29T20:29:42","modified_gmt":"2025-12-29T20:29:42","slug":"suivi-internet","status":"publish","type":"page","link":"https:\/\/deliry.com\/?page_id=7017","title":{"rendered":"Suivi Internet"},"content":{"rendered":"\n<ul class=\"wp-block-list\">\n<li><a href=\"https:\/\/lasef.org\/publications\/le-bulletin-de-la-sef\/\" target=\"_blank\" rel=\"noreferrer noopener\">Bulletin de la Soci\u00e9t\u00e9 d&rsquo;Entomologie Fran\u00e7aise<\/a> [2025-IX 2025]<\/li>\n<\/ul>\n\n\n\n<hr class=\"wp-block-separator has-alpha-channel-opacity is-style-wide\"\/>\n\n\n\n<ul class=\"wp-block-list\">\n<li><a href=\"https:\/\/www.facebook.com\/login\/?next=https%3A%2F%2Fwww.facebook.com%2Fgroups%2Fwodonataw\" target=\"_blank\" rel=\"noreferrer noopener\">Libellul&rsquo;mE<\/a> : 1<sup>er<\/sup> juin 2025 &#8211; 16 juin 2025<\/li>\n\n\n\n<li><a href=\"https:\/\/www.facebook.com\/grpls\" target=\"_blank\" rel=\"noreferrer noopener\">GRPLS<\/a> : 1<sup>er<\/sup> janvier 2025 &#8211; 16 juin 2025<\/li>\n\n\n\n<li><a href=\"https:\/\/www.facebook.com\/login\/?next=https%3A%2F%2Fwww.facebook.com%2Fgroups%2F336812786402542%2F\" target=\"_blank\" rel=\"noreferrer noopener\">Odonates de France<\/a> : 1<sup>er<\/sup> juin 2025 &#8211; 16 juin 2025<\/li>\n\n\n\n<li><a href=\"https:\/\/www.facebook.com\/login\/?next=https%3A%2F%2Fwww.facebook.com%2Fgroups%2F239698084402157%2F\">Dragonflies of Europe<\/a> : 2024 <em>p.p. <\/em>&#8211; 16 juin 2025<\/li>\n\n\n\n<li><a href=\"https:\/\/www.facebook.com\/login\/?next=https%3A%2F%2Fwww.facebook.com%2FOpie.odonates\">Opie Odonates<\/a> : 1<sup>er<\/sup> janvier 2025 &#8211; 16 juin 2025<\/li>\n<\/ul>\n","protected":false},"excerpt":{"rendered":"","protected":false},"author":1,"featured_media":0,"parent":0,"menu_order":0,"comment_status":"closed","ping_status":"closed","template":"","meta":{"footnotes":""},"class_list":["post-7017","page","type-page","status-publish","hentry"],"_links":{"self":[{"href":"https:\/\/deliry.com\/index.php?rest_route=\/wp\/v2\/pages\/7017","targetHints":{"allow":["GET"]}}],"collection":[{"href":"https:\/\/deliry.com\/index.php?rest_route=\/wp\/v2\/pages"}],"about":[{"href":"https:\/\/deliry.com\/index.php?rest_route=\/wp\/v2\/types\/page"}],"author":[{"embeddable":true,"href":"https:\/\/deliry.com\/index.php?rest_route=\/wp\/v2\/users\/1"}],"replies":[{"embeddable":true,"href":"https:\/\/deliry.com\/index.php?rest_route=%2Fwp%2Fv2%2Fcomments&post=7017"}],"version-history":[{"count":3,"href":"https:\/\/deliry.com\/index.php?rest_route=\/wp\/v2\/pages\/7017\/revisions"}],"predecessor-version":[{"id":7200,"href":"https:\/\/deliry.com\/index.php?rest_route=\/wp\/v2\/pages\/7017\/revisions\/7200"}],"wp:attachment":[{"href":"https:\/\/deliry.com\/index.php?rest_route=%2Fwp%2Fv2%2Fmedia&parent=7017"}],"curies":[{"name":"wp","href":"https:\/\/api.w.org\/{rel}","templated":true}]}}