{"id":8033,"date":"2025-12-30T02:10:35","date_gmt":"2025-12-30T02:10:35","guid":{"rendered":"https:\/\/deliry.com\/?page_id=8033"},"modified":"2026-03-01T02:27:48","modified_gmt":"2026-03-01T02:27:48","slug":"chronique-naturaliste","status":"publish","type":"page","link":"https:\/\/deliry.com\/?page_id=8033","title":{"rendered":"Chronique naturaliste"},"content":{"rendered":"\n<ul class=\"wp-block-list\">\n<li>22 ao\u00fbt 1981 &#8211; Premi\u00e8re donn\u00e9e odonatologique : un m\u00e2le d&rsquo;<em>Aeshna cyanea <\/em>(Annecy-le-Vieux &#8211; Haute-Savoie).<\/li>\n\n\n\n<li>3 mai 1986 &#8211; Rencontre \u00e0 Haute-Jarrie (Is\u00e8re) avec Jean-Pierre Boudot et Gilles Jacquemin : origine de mes actions odonatologiques rh\u00f4nalpines.<\/li>\n\n\n\n<li>11 d\u00e9cembre 1986 &#8211; Assembl\u00e9e g\u00e9n\u00e9rale constitutive du Groupe de Recherche et de Protection des Libellules, Sympetrum (GRPLS) (Grenoble &#8211; Is\u00e8re).<\/li>\n\n\n\n<li>28 d\u00e9cembre 2003 &#8211; <a href=\"https:\/\/deliry.com\/?p=1794\" data-type=\"post\" data-id=\"1794\">Mes deux premi\u00e8res photographies num\u00e9riques<\/a>.<\/li>\n<\/ul>\n\n\n\n<hr class=\"wp-block-separator has-alpha-channel-opacity is-style-wide\"\/>\n\n\n\n<figure class=\"wp-block-embed is-type-wp-embed is-provider-histoires-naturelles wp-block-embed-histoires-naturelles\"><div class=\"wp-block-embed__wrapper\">\n<blockquote class=\"wp-embedded-content\" data-secret=\"C0x81ZwPTy\"><a href=\"https:\/\/deliry.com\/?p=1969\">Plus de 40 ans d&rsquo;odonatologie<\/a><\/blockquote><iframe loading=\"lazy\" class=\"wp-embedded-content\" sandbox=\"allow-scripts\" security=\"restricted\" style=\"position: absolute; visibility: hidden;\" title=\"\u00ab\u00a0Plus de 40 ans d&rsquo;odonatologie\u00a0\u00bb &#8212; Histoires Naturelles\" src=\"https:\/\/deliry.com\/?p=1969&#038;embed=true#?secret=IijzyJE18R#?secret=C0x81ZwPTy\" data-secret=\"C0x81ZwPTy\" width=\"600\" height=\"338\" frameborder=\"0\" marginwidth=\"0\" marginheight=\"0\" scrolling=\"no\"><\/iframe>\n<\/div><\/figure>\n","protected":false},"excerpt":{"rendered":"","protected":false},"author":1,"featured_media":0,"parent":0,"menu_order":0,"comment_status":"closed","ping_status":"closed","template":"","meta":{"footnotes":""},"class_list":["post-8033","page","type-page","status-publish","hentry"],"_links":{"self":[{"href":"https:\/\/deliry.com\/index.php?rest_route=\/wp\/v2\/pages\/8033","targetHints":{"allow":["GET"]}}],"collection":[{"href":"https:\/\/deliry.com\/index.php?rest_route=\/wp\/v2\/pages"}],"about":[{"href":"https:\/\/deliry.com\/index.php?rest_route=\/wp\/v2\/types\/page"}],"author":[{"embeddable":true,"href":"https:\/\/deliry.com\/index.php?rest_route=\/wp\/v2\/users\/1"}],"replies":[{"embeddable":true,"href":"https:\/\/deliry.com\/index.php?rest_route=%2Fwp%2Fv2%2Fcomments&post=8033"}],"version-history":[{"count":3,"href":"https:\/\/deliry.com\/index.php?rest_route=\/wp\/v2\/pages\/8033\/revisions"}],"predecessor-version":[{"id":9574,"href":"https:\/\/deliry.com\/index.php?rest_route=\/wp\/v2\/pages\/8033\/revisions\/9574"}],"wp:attachment":[{"href":"https:\/\/deliry.com\/index.php?rest_route=%2Fwp%2Fv2%2Fmedia&parent=8033"}],"curies":[{"name":"wp","href":"https:\/\/api.w.org\/{rel}","templated":true}]}}