{"id":8657,"date":"2026-02-05T23:41:48","date_gmt":"2026-02-05T23:41:48","guid":{"rendered":"https:\/\/deliry.com\/?page_id=8657"},"modified":"2026-04-04T05:12:32","modified_gmt":"2026-04-04T05:12:32","slug":"charente-maritime","status":"publish","type":"page","link":"https:\/\/deliry.com\/?page_id=8657","title":{"rendered":"Charente-Maritime (17)"},"content":{"rendered":"\n<blockquote class=\"wp-block-quote is-layout-flow wp-block-quote-is-layout-flow\">\n<p><a href=\"https:\/\/deliry.com\/?page_id=8107\" data-type=\"page\" data-id=\"8107\">Grand Poitou<\/a><\/p>\n<\/blockquote>\n\n\n\n<p class=\"has-text-align-center has-very-light-gray-to-cyan-bluish-gray-gradient-background has-background\"><a href=\"https:\/\/deliry.com\/?p=263\" data-type=\"post\" data-id=\"263\">Isle de R\u00e9<\/a><\/p>\n\n\n\n<p style=\"font-size:25px\">Ile d&rsquo;Ol\u00e9ron<\/p>\n\n\n\n<ul class=\"wp-block-list\">\n<li><strong>Br\u00e9tet M. 2016<\/strong>&nbsp;&#8211; Contribution \u00e0 l&rsquo;\u00e9tude des algues marines de l&rsquo;\u00eele d&rsquo;Ol\u00e9ron (Charente Maritime, 17)&nbsp;; compte rendu des sorties des 19 avril et 29 septembre 2015 \u00e0 La Cotini\u00e8re. &#8211;&nbsp;<em>Bull. de la Soc. Botanique du Centre-Ouest,<\/em>&nbsp;47&nbsp;: 11-17.<\/li>\n<\/ul>\n\n\n\n<p style=\"font-size:25px\">Zones Humides<\/p>\n\n\n\n<ul class=\"wp-block-list\">\n<li><strong>Lahondi\u00e8re C. 2003<\/strong>&nbsp;&#8211;&nbsp;<em>Flore et v\u00e9g\u00e9tation de quelques marais de Charente-Maritime.<\/em>&nbsp;&#8211; Bull. de la Soc. Botanique du Centre-Ouest (N.S.), n\u00b0 sp\u00e9cial 23.<\/li>\n<\/ul>\n\n\n\n<p style=\"font-size:25px\">Flore<\/p>\n\n\n\n<p>Julien Foucaud (1847-1904) d&rsquo;abord instituteur devient directeur du Jardin botanique de la Marine \u00e0 Rochefort-sur-Mer. Il collabore \u00e0 la quatri\u00e8me \u00e9dition de la&nbsp;<em>Flore de l&rsquo;Ouest de la France<\/em>&nbsp;de J.Lloyd et y ajout les d\u00e9partements de la Gironde, des Landes et le littoral des Pyr\u00e9n\u00e9es-Atlantiques.<\/p>\n\n\n\n<ul class=\"wp-block-list\">\n<li><strong>Lahondi\u00e8re C. 2003<\/strong>&nbsp;&#8211;&nbsp;<em>Flore et v\u00e9g\u00e9tation de quelques marais de Charente-Maritime.<\/em>&nbsp;&#8211; Bull. de la Soc. Botanique du Centre-Ouest (N.S.), n\u00b0 sp\u00e9cial 23.<\/li>\n\n\n\n<li><strong>Lloyd H. 1897<\/strong>&nbsp;&#8211;&nbsp;<em>Flore de l&rsquo;ouest de la France.<\/em>&nbsp;5e \u00e9dition. &#8211; Nantes, Guist&rsquo;hau. &#8211;&nbsp;<a href=\"https:\/\/www.biodiversitylibrary.org\/item\/44793#page\/12\/mode\/1up\" target=\"_blank\" rel=\"noreferrer noopener\">ONLINE<\/a><\/li>\n<\/ul>\n\n\n\n<p style=\"font-size:25px\">Fourmis<\/p>\n\n\n\n<ul class=\"wp-block-list\">\n<li><strong>Gouraud C. 2025<\/strong>\u00a0&#8211; D\u00e9couverte de\u00a0<em>Plagiolepis grassei<\/em>\u00a0en Charente-Maritime (France), une fourmi \u00e0 forte patrimonialit\u00e9 (Hymenoptera, Formicidae). &#8211;\u00a0<em>Bulletin de la Soci\u00e9t\u00e9 entomologique de France,<\/em>\u00a0130 (3)\u00a0: 295\u2011303. &#8211;\u00a0<a href=\"https:\/\/lasef.org\/wp-content\/uploads\/BSEF\/130-3\/2386_Gouraud.pdf\" target=\"_blank\" rel=\"noreferrer noopener\">PDF LINK<\/a><\/li>\n<\/ul>\n\n\n\n<p style=\"font-size:25px\">L\u00e9pidopt\u00e8res<\/p>\n\n\n\n<ul class=\"wp-block-list\">\n<li><strong>Guyonnet A., Montenot J.P. &amp; West H. 2018<\/strong>&nbsp;&#8211;&nbsp;<em>Nouveau catalogue des L\u00e9pidopt\u00e8res de Charente-Maritime.<\/em>&nbsp;&#8211; Cahier de l&rsquo;Opie Poitou-Charentes n\u00b03 (2 volumes). &#8211;&nbsp;<a href=\"https:\/\/www.papillon-poitou-charentes.org\/IMG\/pdf\/Cahiers_OPIE-PC_no3_vol1_Texte.pdf\" target=\"_blank\" rel=\"noreferrer noopener\">PDF LINK&nbsp;: texte<\/a>&nbsp;&#8211; <a href=\"https:\/\/www.papillon-poitou-charentes.org\/IMG\/pdf\/Cahiers_OPIE-PC_no3_vol2_Planche.pdf\" target=\"_blank\" rel=\"noreferrer noopener\">PDF LINK&nbsp;: planches<\/a><\/li>\n<\/ul>\n","protected":false},"excerpt":{"rendered":"<p>Grand Poitou Isle de R\u00e9 Ile d&rsquo;Ol\u00e9ron Zones Humides Flore Julien Foucaud (1847-1904) d&rsquo;abord instituteur devient directeur du Jardin botanique de la Marine \u00e0 Rochefort-sur-Mer. &hellip; <\/p>\n","protected":false},"author":1,"featured_media":0,"parent":0,"menu_order":0,"comment_status":"closed","ping_status":"closed","template":"","meta":{"footnotes":""},"class_list":["post-8657","page","type-page","status-publish","hentry"],"_links":{"self":[{"href":"https:\/\/deliry.com\/index.php?rest_route=\/wp\/v2\/pages\/8657","targetHints":{"allow":["GET"]}}],"collection":[{"href":"https:\/\/deliry.com\/index.php?rest_route=\/wp\/v2\/pages"}],"about":[{"href":"https:\/\/deliry.com\/index.php?rest_route=\/wp\/v2\/types\/page"}],"author":[{"embeddable":true,"href":"https:\/\/deliry.com\/index.php?rest_route=\/wp\/v2\/users\/1"}],"replies":[{"embeddable":true,"href":"https:\/\/deliry.com\/index.php?rest_route=%2Fwp%2Fv2%2Fcomments&post=8657"}],"version-history":[{"count":8,"href":"https:\/\/deliry.com\/index.php?rest_route=\/wp\/v2\/pages\/8657\/revisions"}],"predecessor-version":[{"id":10998,"href":"https:\/\/deliry.com\/index.php?rest_route=\/wp\/v2\/pages\/8657\/revisions\/10998"}],"wp:attachment":[{"href":"https:\/\/deliry.com\/index.php?rest_route=%2Fwp%2Fv2%2Fmedia&parent=8657"}],"curies":[{"name":"wp","href":"https:\/\/api.w.org\/{rel}","templated":true}]}}

<blockquote class="wp-block-quote is-layout-flow wp-block-quote-is-layout-flow">
<p><a href="https://deliry.com/?page_id=8107" data-type="page" data-id="8107">Grand Poitou</a></p>
</blockquote>



<p class="has-text-align-center has-very-light-gray-to-cyan-bluish-gray-gradient-background has-background"><a href="https://deliry.com/?p=263" data-type="post" data-id="263">Isle de Ré</a></p>



<p style="font-size:25px">Ile d&rsquo;Oléron</p>



<ul class="wp-block-list">
<li><strong>Brétet M. 2016</strong>&nbsp;&#8211; Contribution à l&rsquo;étude des algues marines de l&rsquo;île d&rsquo;Oléron (Charente Maritime, 17)&nbsp;; compte rendu des sorties des 19 avril et 29 septembre 2015 à La Cotinière. &#8211;&nbsp;<em>Bull. de la Soc. Botanique du Centre-Ouest,</em>&nbsp;47&nbsp;: 11-17.</li>
</ul>



<p style="font-size:25px">Zones Humides</p>



<ul class="wp-block-list">
<li><strong>Lahondière C. 2003</strong>&nbsp;&#8211;&nbsp;<em>Flore et végétation de quelques marais de Charente-Maritime.</em>&nbsp;&#8211; Bull. de la Soc. Botanique du Centre-Ouest (N.S.), n° spécial 23.</li>
</ul>



<p style="font-size:25px">Flore</p>



<p>Julien Foucaud (1847-1904) d&rsquo;abord instituteur devient directeur du Jardin botanique de la Marine à Rochefort-sur-Mer. Il collabore à la quatrième édition de la&nbsp;<em>Flore de l&rsquo;Ouest de la France</em>&nbsp;de J.Lloyd et y ajout les départements de la Gironde, des Landes et le littoral des Pyrénées-Atlantiques.</p>



<ul class="wp-block-list">
<li><strong>Lahondière C. 2003</strong>&nbsp;&#8211;&nbsp;<em>Flore et végétation de quelques marais de Charente-Maritime.</em>&nbsp;&#8211; Bull. de la Soc. Botanique du Centre-Ouest (N.S.), n° spécial 23.</li>



<li><strong>Lloyd H. 1897</strong>&nbsp;&#8211;&nbsp;<em>Flore de l&rsquo;ouest de la France.</em>&nbsp;5e édition. &#8211; Nantes, Guist&rsquo;hau. &#8211;&nbsp;<a href="https://www.biodiversitylibrary.org/item/44793#page/12/mode/1up" target="_blank" rel="noreferrer noopener">ONLINE</a></li>
</ul>



<p style="font-size:25px">Fourmis</p>



<ul class="wp-block-list">
<li><strong>Gouraud C. 2025</strong> &#8211; Découverte de <em>Plagiolepis grassei</em> en Charente-Maritime (France), une fourmi à forte patrimonialité (Hymenoptera, Formicidae). &#8211; <em>Bulletin de la Société entomologique de France,</em> 130 (3) : 295‑303. &#8211; <a href="https://lasef.org/wp-content/uploads/BSEF/130-3/2386_Gouraud.pdf" target="_blank" rel="noreferrer noopener">PDF LINK</a></li>
</ul>



<p style="font-size:25px">Lépidoptères</p>



<ul class="wp-block-list">
<li><strong>Guyonnet A., Montenot J.P. &amp; West H. 2018</strong>&nbsp;&#8211;&nbsp;<em>Nouveau catalogue des Lépidoptères de Charente-Maritime.</em>&nbsp;&#8211; Cahier de l&rsquo;Opie Poitou-Charentes n°3 (2 volumes). &#8211;&nbsp;<a href="https://www.papillon-poitou-charentes.org/IMG/pdf/Cahiers_OPIE-PC_no3_vol1_Texte.pdf" target="_blank" rel="noreferrer noopener">PDF LINK&nbsp;: texte</a>&nbsp;&#8211; <a href="https://www.papillon-poitou-charentes.org/IMG/pdf/Cahiers_OPIE-PC_no3_vol2_Planche.pdf" target="_blank" rel="noreferrer noopener">PDF LINK&nbsp;: planches</a></li>
</ul>

<p>Grand Poitou Isle de Ré Ile d&rsquo;Oléron Zones Humides Flore Julien Foucaud (1847-1904) d&rsquo;abord instituteur devient directeur du Jardin botanique de la Marine à Rochefort-sur-Mer. &hellip; </p>
