{"id":25,"date":"2026-04-24T16:17:40","date_gmt":"2026-04-24T16:17:40","guid":{"rendered":"https:\/\/deliry.com\/svt\/?page_id=25"},"modified":"2026-05-04T06:21:51","modified_gmt":"2026-05-04T06:21:51","slug":"secondes","status":"publish","type":"page","link":"https:\/\/deliry.com\/svt\/secondes\/","title":{"rendered":"Secondes"},"content":{"rendered":"\n<p class=\"has-text-align-right\"><a href=\"https:\/\/deliry.com\/svt\/une-semaine-au-lycee\/\" data-type=\"page\" data-id=\"22\">Une semaine au Lyc\u00e9e<\/a> &#8211; Contact <a href=\"mailto:cyrille.deliry@ac-poitiers.fr\"><\/a><a href=\"mailto:cyrille.deliry@ac-poitiers.fr\">\u2709<\/a><\/p>\n\n\n\n<p>Organisation et \u00e9valuations [<a href=\"https:\/\/deliry.com\/svt\/wp-content\/uploads\/2025\/09\/Introduction_Secondes.pdf\" target=\"_blank\" rel=\"noreferrer noopener\">PDF<\/a>] &#8211; <a href=\"https:\/\/deliry.com\/svt\/concepts-et-methodes\/\" data-type=\"page\" data-id=\"41\">Concepts et m\u00e9thodes<\/a><\/p>\n\n\n\n<div class=\"wp-block-group has-very-light-gray-to-cyan-bluish-gray-gradient-background has-background\"><div class=\"wp-block-group__inner-container is-layout-constrained wp-block-group-is-layout-constrained\">\n<h3 class=\"wp-block-heading has-background\" style=\"background-color:#eeeeee\">La Terre, la Vie et l&rsquo;\u00c9volution du vivant<\/h3>\n\n\n\n<p><em>La Terre est porteuse de l\u2019histoire de la Vie qui est un ph\u00e9nom\u00e8ne en pleine \u00e9volution. Le Vivant est un syst\u00e8me organis\u00e9 autour de l\u2019unit\u00e9 cellulaire. Savoir les cellules et leur diversit\u00e9.<\/em><\/p>\n\n\n\n<p>\u25b6&nbsp;<strong><a href=\"https:\/\/deliry.com\/svt\/lorganisme-pluricellulaire-un-ensemble-de-cellules-specialisees\/\" data-type=\"post\" data-id=\"45\">Chapitre 1<\/a><\/strong>&nbsp;\u2013 L\u2019organisme pluricellulaire, un ensemble de cellules sp\u00e9cialis\u00e9es<br><br><em>Les m\u00e9canismes de l\u2019\u00c9volution sont \u00e0 l\u2019origine de la Biodiversit\u00e9 actuelle ou pass\u00e9e. Savoir le Vivant et son \u00c9volution.<\/em><\/p>\n\n\n\n<p>\u25b6&nbsp;<strong><a href=\"https:\/\/deliry.com\/svt\/biodiversite-en-preparation\/\" data-type=\"post\" data-id=\"1229\">Chapitre 2<\/a><\/strong>&nbsp;\u2013 La Biodiversit\u00e9 est le r\u00e9sultat et une \u00e9tape de l\u2019\u00c9volution<\/p>\n\n\n\n<h3 class=\"wp-block-heading has-background\" style=\"background-color:#eeeeee\">Enjeux contemporains de la plan\u00e8te<\/h3>\n\n\n\n<p><em><em>La Terre est le th\u00e9\u00e2tre de l\u2019\u00e9rosion \u00e0 l\u2019origine de la formation des paysages. Par ses activit\u00e9s l\u2019Homme peut favoriser l\u2019\u00e9rosion. Or, les sols, qui sont les premiers \u00e0 \u00eatre \u00e9rod\u00e9s sont fragiles et fondamentaux pour le bon fonctionnement de nos agrosyst\u00e8mes. Savoir les m\u00e9canismes de l\u2019\u00e9rosion et avoir un regard critique sur les enjeux li\u00e9s aux sols et aux agrosyst\u00e8mes.<\/em><\/em><\/p>\n\n\n\n<p>\u25b6&nbsp;<strong>Chapitre 3<\/strong>&nbsp;\u2013 Erosion, transport, s\u00e9dimentation, diag\u00e9n\u00e8se : exemple du granite<\/p>\n\n\n\n<p class=\"has-text-align-right has-small-font-size\">Voir compl\u00e9ment &#8211; <em><a href=\"https:\/\/deliry.com\/svt\/arene-granitique\/\" data-type=\"post\" data-id=\"1454\">Granite et Ar\u00e8ne granitique<\/a><\/em><\/p>\n\n\n\n<h3 class=\"wp-block-heading has-background\" style=\"background-color:#eeeeee\">Le corps humain et la sant\u00e9<\/h3>\n\n\n\n<p><em>Deux aspects en rapport avec la sant\u00e9 humaine sont \u00e9tudi\u00e9s en seconde. Le premier concerne les fondements de la sexualit\u00e9 (chapitre 4). Le second les relations qui existent entre l\u2019Homme et les micro-organismes qui selon le cas sont pathog\u00e8nes ou associ\u00e9s \u00e0 notre bonne sant\u00e9 (chapitre 5). Savoir d\u2019o\u00f9 je viens et o\u00f9 je vais, mais aussi savoir comment mon microbiote m\u2019accompagne dans ma sant\u00e9.<\/em><\/p>\n\n\n\n<p>\u25b6\u00a0<strong><a href=\"https:\/\/deliry.com\/svt\/de-la-fecondation-a-la-puberte\/\" data-type=\"post\" data-id=\"1507\">Chapitre 4<\/a><\/strong>\u00a0\u2013 De la f\u00e9condation \u00e0 la pubert\u00e9<\/p>\n\n\n\n<p>\u25b6&nbsp;<strong>Chapitre 5<\/strong>&nbsp;\u2013 Le microbiote<\/p>\n<\/div><\/div>\n","protected":false},"excerpt":{"rendered":"<p>Une semaine au Lyc\u00e9e &#8211; Contact \u2709 Organisation et \u00e9valuations [PDF] &#8211; Concepts et m\u00e9thodes La Terre, la Vie et l&rsquo;\u00c9volution du vivant La Terre est porteuse de l\u2019histoire de la Vie qui est un ph\u00e9nom\u00e8ne en pleine \u00e9volution. Le Vivant est un syst\u00e8me organis\u00e9 autour de l\u2019unit\u00e9 cellulaire. Savoir les cellules et leur diversit\u00e9&#8230;.<\/p>\n","protected":false},"author":1,"featured_media":0,"parent":0,"menu_order":0,"comment_status":"closed","ping_status":"closed","template":"","meta":{"_kad_post_transparent":"","_kad_post_title":"","_kad_post_layout":"","_kad_post_sidebar_id":"","_kad_post_content_style":"","_kad_post_vertical_padding":"","_kad_post_feature":"","_kad_post_feature_position":"","_kad_post_header":false,"_kad_post_footer":false,"footnotes":""},"class_list":["post-25","page","type-page","status-publish","hentry"],"_links":{"self":[{"href":"https:\/\/deliry.com\/svt\/wp-json\/wp\/v2\/pages\/25","targetHints":{"allow":["GET"]}}],"collection":[{"href":"https:\/\/deliry.com\/svt\/wp-json\/wp\/v2\/pages"}],"about":[{"href":"https:\/\/deliry.com\/svt\/wp-json\/wp\/v2\/types\/page"}],"author":[{"embeddable":true,"href":"https:\/\/deliry.com\/svt\/wp-json\/wp\/v2\/users\/1"}],"replies":[{"embeddable":true,"href":"https:\/\/deliry.com\/svt\/wp-json\/wp\/v2\/comments?post=25"}],"version-history":[{"count":17,"href":"https:\/\/deliry.com\/svt\/wp-json\/wp\/v2\/pages\/25\/revisions"}],"predecessor-version":[{"id":1557,"href":"https:\/\/deliry.com\/svt\/wp-json\/wp\/v2\/pages\/25\/revisions\/1557"}],"wp:attachment":[{"href":"https:\/\/deliry.com\/svt\/wp-json\/wp\/v2\/media?parent=25"}],"curies":[{"name":"wp","href":"https:\/\/api.w.org\/{rel}","templated":true}]}}